.
-133230
What is 142 (base 10) in base 14?
a2
What is 1303303 (base 4) in base 10?
7411
Convert -30643 (base 10) to base 3.
-1120000221
-12322 (base 4) to base 11
-372
What is 5446 (base 14) in base 10?
14566
Convert -2331212 (base 4) to base 14.
-45ca
-2501 (base 9) to base 12
-10b4
Convert 684c (base 15) to base 6.
250230
3134 (base 5) to base 9
515
What is 2222221 (base 4) in base 14?
3da1
Convert -20919 (base 11) to base 14.
-b10b
Convert -79c (base 13) to base 15.
-5c7
What is -aea (base 16) in base 13?
-136c
Convert 349 (base 13) to base 2.
1000111000
42310 (base 6) to base 15
1a70
What is 1ae1 (base 15) in base 11?
4426
Convert -100101100110 (base 2) to base 12.
-1486
Convert 11111220 (base 3) to base 12.
1aa3
Convert 1255 (base 9) to base 15.
42b
Convert 110101 (base 5) to base 4.
323000
Convert 208 (base 11) to base 10.
250
53322 (base 6) to base 5
213000
Convert -11340 (base 6) to base 4.
-121230
-10342 (base 8) to base 6
-32002
Convert 10010010110100 (base 2) to base 12.
5530
Convert 3353 (base 8) to base 3.
2102121
What is -217 (base 8) in base 6?
-355
What is -11583 (base 14) in base 12?
-20553
383 (base 16) to base 3
1020022
Convert 104681 (base 9) to base 12.
30224
Convert 110011101 (base 2) to base 14.
217
151453 (base 6) to base 11
10008
34256 (base 7) to base 15
28ae
Convert 610 (base 11) to base 2.
1011100001
40e (base 16) to base 6
4450
Convert -4605 (base 7) to base 8.
-3207
Convert -3a6 (base 11) to base 14.
-263
121002 (base 4) to base 13
963
Convert 30220 (base 9) to base 3.
1000020200
641 (base 12) to base 14
493
Convert a52 (base 12) to base 5.
22002
What is -170 (base 11) in base 16?
-c6
11011000001000 (base 2) to base 10
13832
-85 (base 9) to base 7
-140
Convert -3008 (base 9) to base 14.
-b2b
-151 (base 13) to base 15
-10a
Convert -10277 (base 9) to base 10.
-6793
-5dc6 (base 14) to base 7
-65636
What is 4120 (base 5) in base 6?
2251
Convert 12012002 (base 3) to base 16.
ec6
What is -22210 (base 11) in base 9?
-48144
-30826 (base 11) to base 13
-175a4
What is -3499 (base 11) in base 7?
-16240
Convert 115 (base 16) to base 14.
15b
1100001 (base 2) to base 8
141
What is -4534 (base 10) in base 14?
-191c
-2101002 (base 3) to base 5
-23410
Convert 24a (base 15) to base 14.
292
What is -121cc (base 16) in base 4?
-102013030
What is 1021112101 (base 3) in base 10?
25174
What is 725 (base 13) in base 10?
1214
2ec8 (base 15) to base 14
3968
18193 (base 10) to base 2
100011100010001
What is 216 (base 12) in base 7?
615
What is -f7 (base 16) in base 10?
-247
189 (base 16) to base 2
110001001
-925a (base 15) to base 6
-355034
What is -941 (base 10) in base 7?
-2513
17a (base 16) to base 15
1a3
What is -395 (base 12) in base 3?
-202012
What is -1dc0 (base 15) in base 5?
-201410
Convert -10220020 (base 4) to base 16.
-4a08
Convert 165 (base 12) to base 11.
191
What is 1928 (base 12) in base 14?
1184
Convert 213 (base 11) to base 3.
100111
Convert -1010101 (base 3) to base 15.
-39a
Convert 1166 (base 8) to base 14.
330
What is -11639 (base 10) in base 8?
-26567
Convert -40b (base 12) to base 8.
-1113
Convert -71133 (base 8) to base 6.
-343311
What is -43464 (base 7) in base 2?
-10101001111011
3a (base 12) to base 3
1201
504 (base 7) to base 8
371
What is -41503 (base 10) in base 16?
-a21f
What is -2b0b (base 12) in base 13?
-23b7
What is -e379 (base 15) in base 10?
-48039
32550 (base 7) to base 14
2d97
Convert -1101111100 (base 2) to base 3.
-1020001
What is 269b (base 15) in base 6?
102102
What is 488b (base 14) in base 4?
3011323
-1010000001 (base 2) to base 8
-1201
Convert -1103 (base 4) to base 3.
-10002
2211012 (base 3) to base 8
4011
22444 (base 8) to base 14
3672
Convert -43b4 (base 16) to base 5.
-1023312
Convert -132235 (base 6) to base 2.
-10111110011111
141202 (base 6) to base 10
13250
Convert -3485 (base 10) to base 6.
-24045
What is 11100 (base 3) in base 16?
75
123c (base 13) to base 8
5032
What is 133043 (base 5) in base 15?
18ed
Convert -5ad (base 15) to base 6.
-5544
53645 (base 10) to base 8
150615
103650 (base 7) to base 12
a619
1011100022 (base 3) to base 14
8482
-6241 (base 7) to base 14
-b21
1010000011010 (base 2) to base 13
245b
Convert 106242 (base 9) to base 13.
22c61
What is 12301333 (base 4) in base 2?
110110001111111
What is -3c3 (base 16) in base 7?
-2544
What is -1656 (base 8) in base 3?
-1021220
1513 (base 7) to base 10
598
-4625 (base 7) to base 12
-b85
Convert -2a36 (base 14) to base 4.
-1311020
-124221 (base 6) to base 11
-8559
What is -4386 (base 13) in base 6?
-111313
What is 34 (base 16) in base 13?
40
704 (base 11) to base 10
851
4619 (base 12) to base 2
1111001110101
Convert -30d (base 15) to base 10.
-688
What is -5241 (base 6) in base 7?
-3301
-97 (base 10) to base 16
-61
42421 (base 5) to base 7
11225
What is -1100211 (base 4) in base 6?
-35513
2471 (base 9) to base 15
831
Convert -681 (base 16) to base 7.
-4566
Convert -12112033 (base 4) to base 10.
-25999
What is -160 (base 10) in base 11?
-136
Convert 5305 (base 9) to base 3.
12100012
What is -1952 (base 10) in base 13?
-b72
What is 37a3 (base 12) in base 4?
1202223
What is -10101000000100 (base 2) in base 11?
-8099
What is 4567 (base 14) in base 11?
9062
-1085 (base 10) to base 13
-656
What is -2b0 (base 13) in base 5?
-3411
Convert -2223 (base 4) to base 14.
-c3
Convert 3a1 (base 12) to base 8.
1051
What is 221101111 (base 3) in base 16?
484c
-12156 (base 9) to base 14
-2d83
2100000 (base 3) to base 8
3245
What is -110011111 (base 2) in base 7?
-1132
-9 (base 10) to base 13
-9
-23c (base 14) to base 10
-446
Convert 2443 (base 9) to base 16.
71d
19008 (base 10) to base 13
8862
What is 21715 (base 12) in base 8?
126301
-13a2a (base 12) to base 6
-330454
What is -6037 (base 9) in base 13?
-2011
Convert 166 (base 7) to base 8.
141
What is 8353 (base 10) in base 16?
20a1
What is -1345 (base 10) in base 6?
-10121
-1200201021 (base 3) to base 5
-2031300
-10545 (base 6) to base 3
-2001202
Convert 20203 (base 6) to base 11.
2005
-4313 (base 5) to base 10
-583
What is -44c5 (base 14) in base 15?
-3808
-196 (base 10) to base 9
-237
255a8 (base 11) to base 16
8f34
What is -1021210122 (base 3) in base 5?
-1302440
Convert -1596 (base 11) to base 13.
-c10
18d8 (base 14) to base 5
121002
Convert -310222 (base 4) to base 7.
-12553
What is -20533 (base 6) in base 4?
-223221
What is 10b (base 14) in base 9?
250
Convert 3079 (base 15) to base 13.
4878
What is -2313010 (base 4) in base 3?
-121001221
33120 (base 4) to base 15
459
16240 (base 7) to base 6
33121
Convert -8b0f (base 16) to base 4.
-20230033
What is 10202 (base 5) in base 9?
832
131304 (base 6) to base 11
9012
What is -24642 (base 7) in base 16?
-1962
What is -2147 (base 8) in base 2?
-10001100111
Convert -239 (base 16) to base 11.
-478
-100212111 (base 3) to base 9
-10774
-73827 (base 9) to base 6
-1013511
What is -1331 (base 5) in base 13?
-138
-28b (base 16) to base 14
-347
2a5 (base 15) to base 5
4410
2142 (base 6) to base 4
13232
Convert 1001 (base 3) to base 14.
20
Convert -3647 (base 11) to base 4.
-1022202
3254 (base 10) to base 5
101004
Convert -14411 (base 5) to base 9.
-1617
What is -1533 (base 7) in base 14?
-31a
-4132 (base 8) to base 3
-2221012
What is 6a8b (base 13) in base 8?
35213
Convert 453445 (base 7) to base 8.
235153
Convert -9060 (base 11) to base 15.
-3880
Convert -559 (base 13) to base 4.
-32113
1333 (base 7) to base 12
36a
a0a (base 14) to base 13
b87
Convert 212521 (base 6) to base 10.
17473
10001000000 (base 2) to base 14
57a
What is 1023 (base 6) in base 16?
e7
Convert 7724 (base 9) to base 3.
21210211
-8825 (base 9) to base 11
-4982
What is 2120012 (base 3) in base 8?
3514
What is -120332 (base 7) in base 4?
-11110103
What is -9347 (base 14) in base 10?
-25347
-54f (base 16) to base 13
-807
What is -1324013 (base 6) in base 14?
-1caa5
-56244 (base 7) to base 9
-21420
52124 (base 6) to base 2
1101100110100
Convert -23625 (base 10) to base 11.
-16828
What is 188 (base 10) in base 5?
1223
Convert -611 (base 7) to base 9.
-365
-230050 (base 6) to base 14
-714a
201135 (base 6) to base 14
5aa7
Convert -120111 (base 3) to base 7.
-1135
18d6 (base 14) to base 11
3421
-412243 (base 5) to base 15
-3eb8
431 (base 13) to base 15
32b
Convert -35412 (base 7) to base 2.
